 88 - 44. Let x be 6/(11/3 - 3). Let o be (x + -11 - 31)*(-4)/6. What is the highest common factor of a and o?
22
Let s be ((-2)/(4/150))/(-1). Let u(t) = -24*t - 5. Let w be u(-3). Let y = -37 + w. Calculate the highest common divisor of y and s.
15
Let j be 4 + (48/(-3))/2. Let z be j - -1*(2 - -1). Let g be (-126)/(-4) + z/(-2). What is the greatest common factor of g and 48?
16
Let y(o) = o - 4. Let b = 13 - 7. Let l be y(b). Suppose -l*v + v + 531 = 4*t, -3*t = v - 399. Calculate the highest common divisor of t and 12.
12
Let w be (0*(-2)/(-4))/(-3). Suppose w = -3*u + 4 + 2. Suppose h - 360 = -u*h. Calculate the greatest common factor of 30 and h.
30
Suppose 3*y = -y - 8, y = 3*d - 674. Calculate the highest common divisor of 64 and d.
32
Let h be (-30)/(-35)*(-5 - -47). Calculate the highest common factor of h and 504.
36
Let w = 470 - 424. What is the greatest common factor of 1702 and w?
46
Let j(a) = -26*a**3 + a**2 + a + a**2 + 13*a**3. Let z be j(-1). Calculate the highest common divisor of 14 and z.
14
Let p be (-20)/(-10) + 0/(-2). Suppose p*g - 3 - 5 = 0. Calculate the highest common divisor of 10 and g.
2
Suppose -19*h - 160 = -23*h + 4*j, 148 = 3*h + 4*j. Suppose -d + 1 - 3 = 0. Let p be (-2)/(-4) + (-7)/d. What is the highest common divisor of h and p?
4
Let x(o) = 5*o**2 + o - 2. Let c be x(2). Suppose 43*p + 75*p - 26*p - 20240 = 0. What is the highest common factor of p and c?
20
Let h(c) = -c**2 - 5*c + 1. Let i be h(-4). Suppose k - 4*k = -5*g - 96, i*k + 2*g = 129. Let o = k + -18. What is the greatest common factor of 18 and o?
9
Let x be 57/4 - (-4)/(-16). Let z = x - 9. What is the greatest common divisor of z and 20?
5
Let p(n) = -10*n + 99. Let h be p(0). Suppose 14 = 3*o + 3*k - 4, 0 = 2*o - 5*k - 33. What is the highest common factor of o and h?
9
Suppose -2*z - 2*z = 2*l - 202, 148 = 3*z - 2*l. Calculate the greatest common divisor of z and 10.
10
Let g be 33/1*3/(-6)*-8. Let v(p) = -3*p. Let z be v(-4). Calculate the greatest common factor of z and g.
12
Let c(z) = 35*z + 420. Let s be c(-10). What is the highest common factor of 350 and s?
70
Suppose -2*o - 7*p = -3*p - 922, -3*p + 1819 = 4*o. What is the greatest common divisor of o and 33?
11
Let r be 34/((-10)/(-480)*(1 - -3)). Calculate the highest common divisor of r and 16.
8
Let x be 4 - (-17 + 12/4). Suppose 35 = 5*y + 2*z - 35, 43 = 4*y - z. Calculate the greatest common divisor of y and x.
6
Let z be (-206)/(-206)*(-1 - -2)*1. Suppose -5*r - 4*h = -3*r - 32, 4*r - 40 = -2*h. Calculate the greatest common divisor of r and z.
1
Let b = -20 + 500. What is the greatest common factor of b and 15?
15
Let i be 72/(-5)*(-129 - -109). Calculate the greatest common divisor of 126 and i.
18
Let r(t) = 26*t + 306. Let l be r(-9). What is the highest common divisor of l and 20?
4
Let z = -1756 + 1966. What is the greatest common divisor of 360 and z?
30
Let i(c) = 8*c**3 + 5*c**2 - 4*c + 2. Let o be i(2). What is the highest common factor of 273 and o?
39
Suppose -2*t + 76 = 68. What is the greatest common divisor of t and 128?
4
Let q = -113075 + 75284. Let w be (-1)/(-6) + q/(-54). Let b be (-3)/(-2)*w/21. What is the highest common divisor of 20 and b?
10
Let q(a) = -a**2 - 6*a + 4. Let x(l) = l**2 + 6*l - 5. Let i(m) = -7*q(m) - 6*x(m). Let w be i(-6). Calculate the highest common factor of 6 and w.
2
Suppose -4*z = -0*z + j - 164, -3*j + 72 = 2*z. Suppose -z = 6*y - 282. Calculate the greatest common divisor of y and 5.
5
Let m(a) = -a**2 + 12*a + 26. Let n be m(14). Let j(f) = -34*f - 8. Let b be j(n). Calculate the highest common factor of 40 and b.
20
Suppose -5*r - 3*u = 0, 3*r + r + 3*u + 3 = 0. Let i(f) = -2 - 2 + r*f - 8*f - 3. Let n be i(-2). Calculate the highest common factor of n and 2.
1
Let f be (-10)/(-12)*6 + 20. Calculate the greatest common factor of 725 and f.
25
Suppose -7*i = 2*i - 1575. Let m(u) = -u**2 + 13*u + 55. Let x be m(15). Calculate the highest common factor of i and x.
25
Let s(f) = -2*f + 41. Let o be 274/18 - 14/63. Let v be s(o). Calculate the greatest common divisor of v and 121.
11
Let u be 1974/9 + (-6)/(-9). Suppose 131*y = 120*y + 220. What is the greatest common factor of u and y?
20
Let s(v) = v - 71. Let c be s(79). Suppose 0*z + 16 = 2*z + 2*g, 5*z + g - 40 = 0. Calculate the greatest common factor of c and z.
8
Let t(a) = 11*a - 132. Let i be t(18). Calculate the highest common divisor of i and 198.
66
Suppose -s + 48 = -4*s. Let a be 183/12 + 4/s. Let t(o) = -39*o - 3. Let u be t(-2). What is the greatest common factor of u and a?
15
Let w be -9*(-4 - 128/(-36)). Calculate the greatest common factor of w and 6.
2
Suppose -96 = -4*i + 2*s, i - s - 7 = 19. Let p be 243 - (-2)/(2/(-1)). Calculate the highest common factor of p and i.
22
Let t = 43 + 280. Calculate the highest common factor of 19 and t.
19
Let w = 12 + -22. Let t = w + 52. Suppose 56 = 3*s - s. What is the greatest common divisor of s and t?
14
Suppose z + 11 + 22 = 0. Let y = 40 + z. Calculate the highest common divisor of 21 and y.
7
Suppose -3*u + 4*p = -73, -u - p - 2*p = -33. What is the greatest common divisor of u and 36?
9
Let p be 9/2 + (-1)/(-2). Let t = 56 + -54. Suppose 90 = 2*q - 5*f, -4*f + 10 + 44 = t*q. Calculate the greatest common factor of p and q.
5
Let b be -1*(-198)/(-2 - -4). Suppose -s - 5 = 0, -4*k - 3*s + 7*s + 64 = 0. Calculate the highest common factor of b and k.
11
Suppose -33 = -5*r + 27. Let j(i) = 2*i + 12. Let y be j(0). Calculate the greatest common divisor of y and r.
12
Let q be (-5 + 0)/(5/(-10)). Let w = 4 + 0. Suppose 2*j = -8, 4*b - w*j + 0*j - 456 = 0. What is the highest common factor of b and q?
10
Suppose -3*b - 111 = -u - 8*b, u = 4*b + 75. Let a = u + -30. Suppose a = h - 146. Calculate the greatest common divisor of 23 and h.
23
Let g be (6/(-4))/((-212787)/35460 + 6). What is the highest common divisor of 10 and g?
10
Let c be ((3 - -6) + -5)/(8/10). What is the greatest common divisor of 40 and c?
5
Let x be (-7)/(198/(-48) + 4). Calculate the highest common divisor of x and 266.
14
Suppose -10*n + n + 1044 = 0. Let d = 145 - n. Let j = 353 + -237. What is the highest common divisor of j and d?
29
Let k be 30 - (5 - (9/3 - -1)). Suppose k = f - 15. What is the highest common divisor of f and 396?
44
Let f = 179 - 126. Let c = -38 + f. Let p be 24/c*1*20. What is the greatest common factor of p and 256?
32
Let y be (2 + 2)*(7170/8 + 3). Calculate the highest common factor of 11 and y.
11
Let p = 95 + -38. Suppose j = 2*j - 1. Let s be (0 - j - 0) + 39. Calculate the greatest common factor of s and p.
19
Let z(y) = y**2 + 14*y - 5. Let x be z(-14). Let v be 1518/55 + 3/x. Calculate the greatest common divisor of 18 and v.
9
Let q(p) be the third derivative of -7*p**4/12 - 4*p**3/3 + 32*p**2. Let w be q(-2). What is the highest common factor of w and 10?
10
Let m(x) = -8 + 25 - 13*x + 5*x**2 - 6*x**2. Let c be m(-14). Let l(r) = 20*r**3 + r**2 - r + 1. Let i be l(1). Calculate the highest common factor of c and i.
3
Suppose -13 + 132 = 3*p + 2*y, -2*y = 16. Let s be 3/((-2 + 4)/6). Calculate the greatest common divisor of s and p.
9
Let k(l) = -4*l**3 - 3*l**2 - 2*l. Let f be k(-2). Let j(g) = -3*g + 4*g + 7 - 2*g. Let c be j(-9). What is the greatest common factor of c and f?
8
Let i(n) = 20*n**2 + 2*n - 3. Let c be i(2). Suppose -b + 4*b + 162 = 0. Let p be 2 - (b - (1 - 3)). Calculate the greatest common factor of p and c.
27
Let h(x) = x**2 + 17*x - 20. Let r be h(-21). What is the greatest common factor of r and 8?
8
Let n be (-7)/(-4)*-1*(56 + -36). Let m = n - -73. What is the greatest common factor of m and 19?
19
Let l(g) = 4*g + 26. Let v be l(6). What is the highest common divisor of v and 30?
10
Let v be (-6)/5*10/(-3). Suppose 2*d + 94 = 5*i, -15 = -6*d + d. Calculate the greatest common divisor of v and i.
4
Suppose 200 = -4*c + 816. Suppose -4*n - 3*o - 12 = -80, -5*o = 4*n - 76. Calculate the greatest common factor of c and n.
14
Let p = -917 + 965. Calculate the greatest common divisor of 516 and p.
12
Let j = -247 + 391. Calculate the highest common divisor of 9 and j.
9
Suppose 0 = 2*c - 3*c + 6. Suppose 558 = c*p - 4*p. Suppose -5*g + 3*q = -63 - 80, -5*g = 5*q - 175. Calculate th